3*h = 3*u + 48. Let c = h + -7. List the prime factors of p(c).
3
Let x = -14 - -22. Suppose -2*f + 3*m = -0*f + x, 3*f - 4*m + 10 = 0. What are the prime factors of f?
2
Let m = 190 + -19. List the prime factors of m.
3, 19
Let u = 49 + -6. What are the prime factors of u?
43
Suppose 0*t + 39 = 3*p - 3*t, 5*t - 25 = 0. Let d = 32 - p. What are the prime factors of d?
2, 7
Let g(y) = y**2 + 8*y - 1. Let r be g(-8). What are the prime factors of (r + -7)*(-4 - -2)?
2
Suppose 0 = 3*g + 3*w - 0*w - 21, -g = 2*w - 8. Suppose 0 = -3*v - 3*i - g, i + 19 = 3*v - i. List the prime factors of 2/(-6)*v*-13.
13
Suppose -132 = -4*s + 128. What are the prime factors of 6/(-39) + 855/s?
13
Let c = 27 - -29. List the prime factors of c.
2, 7
Let s(a) = 2*a**2 - 4*a + 3. Let f be s(2). Suppose -f*m = -2*m. Suppose -l + 6 = -m*l. What are the prime factors of l?
2, 3
Suppose 4*i = i + 2*l + 709, 3*l - 3 = 0. Suppose 5*s = -4*h + i, 3*s - h - 6 - 126 = 0. List the prime factors of s.
3, 5
Suppose -2*n - 9 = -2*v - 3*n, 5*v + n - 27 = 0. What are the prime factors of v/(-2) - 23/(-1)?
2, 5
Suppose -5*q - q + 132 = 0. Let y be 178/(-14) + 2/(-7). Let f = q + y. What are the prime factors of f?
3
Suppose 0 = -2*q + 11 + 17. Suppose -40 = -2*w + q. What are the prime factors of w?
3
Let p be 44/10 + (-6)/15. Suppose 0 = -p*w - w + 60. List the prime factors of w.
2, 3
Suppose -h + 0*h = -7. Suppose 3*y + 4*j = 32, -y - y + 3*j = h. Suppose 2*x + y = 2*d, -d + 8 = x - 4. What are the prime factors of d?
7
Suppose 0 = f - 6*f + 390. What are the prime factors of f?
2, 3, 13
Suppose -4 - 6 = -5*t - 3*m, 2*m = 0. Suppose t*f + 5*w - 44 = -0*f, f - 5*w = -8. List the prime factors of f.
2, 3
Let l(k) = 5*k - 13. What are the prime factors of l(8)?
3
Let g(k) = -k. Suppose -2*p - 4 = 2. List the prime factors of g(p).
3
Suppose p + 2*p = 51. Suppose 0 = 3*v - 113 + p. List the prime factors of v.
2
Let c = -3 - -8. Let s = c + -3. Suppose -5*g = -s*g - 57. List the prime factors of g.
19
Suppose -3*f + 2*m - 6*m + 28 = 0, 0 = 3*f - m - 23. Let v = f + -4. Suppose -v*j = -2*j - 20. List the prime factors of j.
2, 5
Let d = 118 + -63. Suppose 4*q + q = d. List the prime factors of q.
11
Let k(a) = -a**3 + a**2 - a - 1. Let n be k(-1). Let w(o) = 4*o - 4 + 2 + o - 1. What are the prime factors of w(n)?
7
Suppose h = -8 + 20. What are the prime factors of (-2 - 1)*h/(-9)?
2
Suppose -2*o - 530 = -5*t + 3*o, -2*o = 3*t - 333. Suppose 0 = 5*c - t - 191. Suppose 3*p = -2*p + c. What are the prime factors of p?
2, 3
Let j = 3 + 0. Let h be (-129)/(-2) + j/6. Suppose 0 = -5*g + h + 10. What are the prime factors of g?
3, 5
Suppose 299 + 55 = 2*p. What are the prime factors of p?
3, 59
Suppose 5*m - 2*j = 2*m - 16, 4*j = -3*m - 4. List the prime factors of 1/(2 + 6/m).
2
Let u(l) = -l**3 - 8*l**2 + 4*l - 13. Suppose f - s + 19 - 6 = 0, f + 5*s - 11 = 0. List the prime factors of u(f).
2
Suppose 5 = v - 0*v. What are the prime factors of v - (0 - -4) - -28?
29
Let a = -82 - -84. What are the prime factors of a?
2
Suppose -3*x = -0*x - 18. Let v(c) = -c + 1. Let q(w) = 4*w - 12. Let p(a) = -q(a) - 3*v(a). What are the prime factors of p(x)?
3
Suppose 2*u - 5*u + 142 = 2*x, 2*x = 4*u + 156. List the prime factors of x.
2, 37
Suppose -4*n - 5*p = -208 - 16, -3*n = -3*p - 141. What are the prime factors of n?
3, 17
Let j be 3/1 + -2 + 2. Suppose -r - 3 = 2, j*u + r + 32 = 0. Let f = 7 - u. What are the prime factors of f?
2
Let x = 8 - -1. Let v = x + -5. Suppose -35 = -5*g - 5*y, v*g + 0*y - 2*y = 16. List the prime factors of g.
5
List the prime factors of 17850/90 - (-2)/3.
199
Let d(t) = 2*t + 2. Let i be d(2). Let b(l) = -2 + 43*l - 7 - 35*l - l**2. List the prime factors of b(i).
3
Let f(k) = 12*k + 41. What are the prime factors of f(26)?
353
Suppose y + 2 + 1 = -5*l, -2*y = 5*l - 4. Let i = 10 - y. What are the prime factors of i?
3
Let n(r) be the third derivative of 3*r**2 - 1/30*r**5 - 1/12*r**4 + 0 + 1/120*r**6 + 0*r + 0*r**3. List the prime factors of n(3).
3
Let m be (-94)/(-18) + (-6)/27. Suppose -29 = -u + m. What are the prime factors of u?
2, 17
Let i(d) = 1 - 4 - 6*d + 5*d. What are the prime factors of i(-6)?
3
Let f = -154 - -219. What are the prime factors of f?
5, 13
Let r(b) = b**3 - 12*b**2 - 12*b + 10. List the prime factors of r(13).
23
Suppose -3*a = -3*m - 162, -4*a - 29 = 2*m - 227. Suppose -g + 8 = 4*u, a = 4*g - 3*u - 0*u. What are the prime factors of g?
2, 3
Let t be 1 + 169*(0 + 1). Suppose t = 6*h - h. List the prime factors of h.
2, 17
Let i = -128 + 134. What are the prime factors of i?
2, 3
Let t(l) = -l**2 + 1 - 2 - 10 - 11*l. What are the prime factors of t(-8)?
13
Let h(n) = -n**2 + 12*n - 4. List the prime factors of h(8).
2, 7
Suppose 7*k - 247 = 61. Suppose -j = -5*j + k. List the prime factors of j.
11
Let c = 478 - 215. What are the prime factors of c?
263
Suppose 0 = -2*b - 3*b - 15. Let s be (-2)/b + 238/21. Suppose -3*q = -6*q + s. What are the prime factors of q?
2
What are the prime factors of -1*(6/2)/((-9)/48)?
2
Suppose -124 = -2*y - 2*i, -y + 5*i = 3*y - 266. What are the prime factors of y?
2
Let g(x) = 4*x**3 + 17*x**2 - 5*x**3 - 22*x**2 - x. Let b be g(-5). Suppose 41 = b*p - 54. What are the prime factors of p?
19
Suppose 0 = h - 0*h - 3. Suppose 4*j + c - 50 = h*c, 5*c = -15. List the prime factors of j.
11
Let f = 32 + -47. Suppose 3*m - 34 = -109. Let h = f - m. List the prime factors of h.
2, 5
Let r = 53 - 37. What are the prime factors of r?
2
Suppose -a + 0 = -2. What are the prime factors of a?
2
Let a be 2/(-3) + 3/(-9). Let w be (a/(-2))/((-3)/(-18)). Suppose -v + 19 = -c + 3*c, w*c + 5*v = 18. List the prime factors of c.
11
Let c(q) = -q - 1. Let s be c(3). Let z be 2/4*s/(-1). Suppose 4*n - 5*n + z = 0. List the prime factors of n.
2
Suppose q - 15 - 1 = 0. What are the prime factors of q?
2
Let l be 1/(-3 - (-10)/4). Let m(u) = -3*u**3 + u**2 + 3*u + 2. What are the prime factors of m(l)?
2, 3
Suppose -r - 11 = -49. List the prime factors of r.
2, 19
Suppose -4*a + o + 22 = a, 0 = -4*a + 4*o + 24. Suppose 4*d - 37 = 5*f, -1 = 3*d - a*f - 30. List the prime factors of d.
3
Suppose 2*m + 8*f - 71 = 3*f, 3*f = -2*m + 65. What are the prime factors of m?
2, 7
Let w(q) = -6*q + 11. List the prime factors of w(-8).
59
Suppose 0*p = -2*z - p + 1, -p - 5 = 0. Suppose -z*m + 4*d = -43, 3*d = 2*m + 2 - 29. What are the prime factors of m?
3, 7
Let k = 8 + -2. Let d be (-2)/k*(3 - 12). Suppose 3*y - d*n = 6, 2*y + 2*n = 3*y + 1. List the prime factors of y.
5
Let x(t) = -t + 1. Suppose -5*c = 6 - 16. Suppose 20 = 5*s, -c*s + 5*s - 14 = 2*y. List the prime factors of x(y).
2
Let z(a) = a**3 - 3*a**2 + 4. Let d be z(3). Suppose 19 = -3*k + 5*y, 0 = -2*k + k + d*y - 11. What are the prime factors of 1*k/(-3)*4?
2
Suppose -2*f - q = -7*f + 15, -9 = -3*f - 3*q. List the prime factors of f.
3
Let l = 1 + -1. Suppose l = 4*x + 12 - 36. What are the prime factors of (16/x*3)/1?
2
Suppose 2*p + 3*c = 84, 3*c + 4 = p - 29. Suppose r = -2*r + 3*n + p, 0 = 2*r + 5*n - 12. List the prime factors of r.
11
Let a(v) = -v + 6. Let d be a(6). Let l be 14/10 + (-2)/5. List the prime factors of 5 - (l - d - 2).
2, 3
Suppose -7 + 27 = 4*o - 4*z, 4*o = 3*z + 18. What are the prime factors of o?
3
Let s(t) = -t**2 + 12*t - 19. Let z(y) = -y - 3. Let v be z(-11). List the prime factors of s(v).
13
Let b be 6/(-27) + (-83)/(-9). Suppose m - b = 4*w - 0*m, -5 = 3*w + m. List the prime factors of (-15)/(1 - 4) - w.
7
Let m(i) = i**2 - 11*i - 9. What are the prime factors of m(-14)?
11, 31
Let q(i) = 1 - i**2 + 2*i + 0*i - 2*i**3 + 2 + 0*i. Suppose -3*l - 4*a - a + 9 = 0, 3*a - 7 = -l. List the prime factors of q(l).
11
Let b(z) = z + 2 - 2*z + 4. Let a be b(6). Let y = a + 4. List the prime factors of y.
2
Suppose 4*d + 1 = 9. Let r(k) be the second derivative of 5*k**3/6 + k**2/2 - k. What are the prime factors of r(d)?
11
Let y = -11 - -24. What are the prime factors of 2 + y - 0 - 2?
13
Suppose -q + 3 = -17. What are the prime factors of q?
2, 5
Suppose 5*i - p - 62 = 0, 4*i - 5*p + 0*p = 37. Suppose 2*c = -2*y + 12, -c + 5 = 3*y - 3. Let q = i - c. List the prime factors of q.
2
Suppose 5*w = -3*v + 27 + 292, -w - 410 = -4*v. What are the pri